 0 = 4*y. Suppose -f = -4, 4*t + f + 0*f - 20 = 0. Suppose -t + 44 = k*w. Calculate the highest common divisor of 90 and w.
10
Let g(k) = -k + 13. Let q be g(-11). What is the greatest common factor of 96 and q?
24
Let k = 33 + -8. What is the highest common divisor of 10 and k?
5
Let v(q) = 5*q. Let t be v(1). Let o be 8/(-5)*25/(-2). Suppose 0 = -t*l + l + o. What is the highest common factor of 25 and l?
5
Suppose 6 = -3*s + 4*s + 2*m, s + m = 2. Let x(w) = 2*w**2 + w - 1. Let k be x(s). Suppose 17 + 28 = k*j. What is the highest common factor of j and 72?
9
Suppose 5*k - 2 - 43 = 0. Calculate the highest common divisor of k and 63.
9
Let n(m) = 2 + 5*m**2 + 6*m + 1 + 1. Let t be n(-4). Suppose -g + 0*u + 21 = 2*u, 0 = g - 3*u - 6. Calculate the highest common factor of t and g.
15
Suppose 9 = w - h, -5*w + h + 28 = -9. What is the highest common factor of 2 and w?
1
Let s(d) = d**2 + 8*d + 7. Let o be s(-7). Suppose o = b - 2*q - 10, 22 = -4*b + 5*q + 59. What is the highest common factor of 20 and b?
4
Suppose 14 + 6 = 2*i. Let s be 3 + 34/(-6) + 4/6. Let z be 3 + i + -3 + s. Calculate the highest common factor of z and 64.
8
Let c(a) = 5*a. Let h be c(1). Let j(m) = -3*m - 2. Let q be j(-2). Suppose 5*d + 10 = -w, 0 = w - 2*w + q*d + 35. What is the highest common factor of w and h?
5
Let z be 12 + 4 + (2 - 2). Suppose 0 = -2*j + v + z + 30, 4*v = 8. Let b be (-6)/(-4)*(-48)/(-9). What is the highest common factor of b and j?
8
Let t = 193 - 186. Calculate the greatest common divisor of t and 119.
7
Let i be 1448/32 - (2 - 3)/(-4). What is the greatest common factor of 495 and i?
45
Suppose -5*g + 15 = 0, -4*v - g = -2*g - 33. Calculate the highest common factor of 153 and v.
9
Let j(t) = 2 - 7*t + t**3 + t**2 - t**2 + 6*t**2 + 0*t**2. Let c be j(-7). Calculate the highest common factor of 22 and c.
2
Let z = 137 - 65. Let o be (2/(-4))/((-12)/z). Calculate the greatest common divisor of 24 and o.
3
Let b be (3*-1)/((-18)/12). Calculate the greatest common divisor of b and 14.
2
Suppose 0 = -3*i + 785 - 221. Suppose -3*u = u + i. Let a be 4/(-6) + u/(-3). Calculate the greatest common factor of a and 60.
15
Suppose 5*g + 12 = 92. Calculate the highest common divisor of 40 and g.
8
Let t be (-1)/4 + 15/12. Calculate the highest common divisor of t and 3.
1
Let f(z) = 2*z. Let j be f(1). Suppose -j*m + 1 = -m. Calculate the highest common divisor of 10 and m.
1
Let m = 1 + 0. Suppose 20 = -5*k - 10. Let g be (-9)/6*4/k. What is the highest common divisor of m and g?
1
Let l = -3 + 6. Let b be (-1 - l) + (-2)/(-1). Let x be 2 - ((-2)/b + -1). Calculate the greatest common divisor of 3 and x.
1
Suppose j = 4*t + 182 + 10, -5*t = 5*j - 860. What is the greatest common factor of j and 11?
11
Let v = 1 - -188. What is the greatest common factor of v and 21?
21
Let v(m) = -33*m - 3. Let g be v(-5). What is the greatest common divisor of 18 and g?
18
Let v(c) = c - 3. Let i be v(6). Let f be 2*2*3/4. Suppose 5*o + 4 + 5 = -i*n, -3*n + f*o + 15 = 0. What is the highest common factor of n and 14?
2
Let r = -10 + 15. Let k(l) = l**3 + 5*l**2 + 4. Let y be k(-5). Suppose 9 = u - 2*d - y, -r*u + 29 = -d. What is the greatest common divisor of 35 and u?
5
Suppose -4*c + c = -6. Suppose -4*i + 40 = 3*n, 23 = n + c*i + 9. Let h be 30/(-4)*(-8)/5. Calculate the highest common factor of h and n.
12
Suppose -4*m = -6*m + 114. What is the highest common factor of 3 and m?
3
Let j(p) = p**2 - 2*p - 5. Let o be j(4). Let w(m) = 2*m + 2. Let g be w(4). Suppose 5*r = 5 + g. Calculate the greatest common factor of o and r.
3
Let c(y) = -y + 55. Let d be c(-13). What is the greatest common factor of 51 and d?
17
Let u be 20/70 - (430/(-14) + 1). Calculate the highest common divisor of 15 and u.
15
Suppose -5*q + 3*b = -51, -2*q + b + 12 = -3*b. Suppose 0 - 8 = -2*c. Suppose -j = c*j - 150. What is the highest common divisor of q and j?
6
Let m = 7 + -5. Suppose m*u = -2*u + 572. What is the highest common factor of 13 and u?
13
Let u = -14 + 1. Let i = -5 - u. What is the greatest common factor of 40 and i?
8
Let f(l) = l**2 + 4*l - 3. Let w be f(-5). Suppose -3*k = -w*k - 10. Let n(h) = 18*h + 2. Let z be n(1). Calculate the greatest common divisor of z and k.
10
Let w be 34/6 - (-4)/12. Let t = 12 + w. Suppose 0 = -3*q - 9, 0 = 2*n - 6*n - 2*q + 174. What is the highest common factor of n and t?
9
Let m be (-1 - 0)/(-1)*6. Suppose -k + j = -2*j, -3*j = -15. Calculate the highest common divisor of m and k.
3
Suppose 4*a + a = 3*x + 5, 2*a = -5*x + 33. Suppose -67 - 13 = -x*n. Calculate the greatest common divisor of n and 8.
8
Let q be (-1 - -2) + 1 + -10. Let z = 30 + q. What is the highest common divisor of 176 and z?
22
Let l be 315/7 + (1 - 0). What is the greatest common divisor of 69 and l?
23
Let i be (20/(-6))/((-3)/144). What is the greatest common divisor of i and 32?
32
Let h be ((-8)/8)/(1/3). Suppose -2*d = -5*k - 4844, -3*d + 4850 = -5*k + 2*d. Let o be h/9 + k/(-6). What is the highest common divisor of o and 23?
23
Suppose 5*d = 4*d + 12. Let h = -171 + 255. What is the highest common divisor of d and h?
12
Let v = -14 + 23. Let s = v + 1. Suppose 0*j + 350 = 5*j. Calculate the greatest common factor of s and j.
10
Let j = 223 - 146. Let u = j + -52. What is the highest common factor of u and 125?
25
Suppose -y - 60 = -62. What is the greatest common factor of y and 2?
2
Suppose 36 = 3*s - 2*s. Let p = 5 + 14. Let n = 43 - p. What is the greatest common factor of s and n?
12
Let r be -9 + (2 - 1)*2. Let i(s) = -2*s - 3*s + 3*s - 2. Let d be i(r). What is the highest common factor of 72 and d?
12
Suppose 73 = k - 95. Calculate the greatest common factor of k and 24.
24
Let f = 20 + 3. Calculate the greatest common divisor of 161 and f.
23
Let n be (-2)/(3 - 1)*-37. What is the greatest common divisor of 259 and n?
37
Let y be (-16)/(-4) + (-6)/2. Suppose -9 = -4*x - y. Let p be 2*3/x + 35. Calculate the highest common divisor of p and 19.
19
Let d = -21 + 22. Calculate the greatest common divisor of 1 and d.
1
Let w = 21 + -15. Let l be (-22)/6 + (-6)/(-9). Let x be 22/7 + l/21. What is the greatest common divisor of x and w?
3
Let c(j) = -7*j**2 - 10 + 6*j**2 + 2*j**3 + 3*j - 11*j**2. Let y be c(8). Calculate the highest common divisor of y and 30.
30
Let s = 7 - 4. Suppose -s*i + 7 = -17. Calculate the greatest common divisor of 56 and i.
8
Let y(o) = 57*o**3 - o**2 + 1. Let r be y(-1). Let b = -36 - r. Calculate the greatest common factor of b and 14.
7
Let p be (7 + -1)*16/3. Calculate the highest common factor of 80 and p.
16
Let k be (-15)/6*48/(-20). Let m be 4 - 2*(0 + 1). Let h = 4 - m. What is the highest common factor of k and h?
2
Let p(m) = -m + 10. Let q be p(7). Suppose 0 = -4*s - 4, 4*g - 28 - q = 3*s. What is the highest common divisor of g and 56?
7
Let v = -17 - -19. Calculate the highest common factor of 5 and v.
1
Let b = -11 + 7. Let u(d) = -d**2 + 1. Let v be u(b). Let a be v*(-1 - (-3)/9). What is the highest common divisor of 40 and a?
10
Let k = -154 - -253. Let o = 0 + 4. Suppose -o*g + k - 3 = 0. Calculate the highest common factor of 16 and g.
8
Let w be 2/4*(-4 + 4). Suppose w = -s - k + 17, -5*s = -s + 3*k - 72. Calculate the greatest common factor of 84 and s.
21
Let u = -1 - -61. What is the highest common divisor of 24 and u?
12
Let z be 2/5 + 66/10. Suppose -p = p - 14. What is the greatest common divisor of z and p?
7
Let w = -15 + 18. Suppose 0 = 5*y - 5*d - 115, -w*d + 2*d = 2. What is the highest common divisor of y and 14?
7
Suppose u = 1 - 4. Let y = u + 59. What is the greatest common factor of 8 and y?
8
Let g = 7 + 1. Let z be ((-10)/(-10))/((-1)/(-4)). Suppose z*y - 8 = 3*y. What is the greatest common divisor of y and g?
8
Let b be -2*2*3/4. Let d(g) be the third derivative of 3*g**5/20 - g**4/24 + 2*g**3/3 - 7*g**2. Let p be d(b). What is the greatest common divisor of 22 and p?
22
Suppose -3*f = 3*m - 255, 2*m - 4*m = -5*f + 418. Calculate the highest common divisor of f and 36.
12
Suppose -5*q = -5*i - 790, q = -3*q - 5*i + 596. Let t = 258 - q. Let n be 3 - (-21)/(-6) - (-54)/4. What is the greatest common divisor of n and t?
13
Let v(n) = -43*n - 1. Let z be v(-1). What is the highest common f